 the remainder when 1120159 is divided by 1592?
983
What is the remainder when 34638184 is divided by 11?
9
What is the remainder when 750641 is divided by 529?
519
Calculate the remainder when 2267814 is divided by 67.
65
Calculate the remainder when 18578364 is divided by 506.
68
Calculate the remainder when 234258 is divided by 1105.
1103
Calculate the remainder when 8388009 is divided by 1004.
593
What is the remainder when 3076512 is divided by 301?
292
What is the remainder when 45017 is divided by 11252?
9
Calculate the remainder when 13344548 is divided by 392486.
24
What is the remainder when 6687606 is divided by 8719?
133
What is the remainder when 229795 is divided by 229771?
24
Calculate the remainder when 670079 is divided by 95648.
543
Calculate the remainder when 1649587 is divided by 412232.
659
Calculate the remainder when 1622752 is divided by 477.
475
What is the remainder when 17613885 is divided by 5871293?
6
What is the remainder when 158175931 is divided by 4623?
4609
Calculate the remainder when 13350 is divided by 1942.
1698
Calculate the remainder when 56228851 is divided by 799.
25
What is the remainder when 536989 is divided by 1778?
33
Calculate the remainder when 1405262 is divided by 2019.
38
What is the remainder when 9623310 is divided by 45608?
22
What is the remainder when 5630576 is divided by 52?
16
Calculate the remainder when 608961391 is divided by 4.
3
What is the remainder when 10419886 is divided by 65?
61
Calculate the remainder when 2529681 is divided by 12.
9
Calculate the remainder when 8726780 is divided by 902.
832
Calculate the remainder when 388156 is divided by 128449.
2809
Calculate the remainder when 2565366 is divided by 347.
342
Calculate the remainder when 2300623 is divided by 424.
423
What is the remainder when 123943 is divided by 64?
39
What is the remainder when 78569 is divided by 195?
179
What is the remainder when 938964 is divided by 352?
180
Calculate the remainder when 1704929 is divided by 567894.
1247
What is the remainder when 39870 is divided by 13273?
51
What is the remainder when 563448 is divided by 170?
68
Calculate the remainder when 85275525 is divided by 4316.
4313
Calculate the remainder when 36664087 is divided by 45.
22
What is the remainder when 7407004 is divided by 2451?
82
What is the remainder when 6219919 is divided by 40?
39
Calculate the remainder when 94724322 is divided by 29.
27
Calculate the remainder when 302785 is divided by 6794.
3849
Calculate the remainder when 41217260 is divided by 136.
12
What is the remainder when 1248081 is divided by 89147?
23
What is the remainder when 3291263 is divided by 986?
981
Calculate the remainder when 3418221 is divided by 742.
569
Calculate the remainder when 12697260 is divided by 388.
348
Calculate the remainder when 258783 is divided by 257582.
1201
Calculate the remainder when 3416018 is divided by 155273.
12
What is the remainder when 201848392 is divided by 225?
217
Calculate the remainder when 62440 is divided by 15527.
332
What is the remainder when 17529 is divided by 1711?
419
Calculate the remainder when 1162079 is divided by 20751.
23
Calculate the remainder when 971303 is divided by 26249.
90
What is the remainder when 78987 is divided by 4375?
237
What is the remainder when 64283646 is divided by 572?
570
Calculate the remainder when 7083745 is divided by 69.
67
What is the remainder when 644438 is divided by 2207?
2201
What is the remainder when 12205393 is divided by 148?
129
Calculate the remainder when 1965306 is divided by 491299.
110
Calculate the remainder when 1276804 is divided by 5.
4
What is the remainder when 12348926 is divided by 1097?
1094
What is the remainder when 2402116 is divided by 805?
801
What is the remainder when 262560 is divided by 262539?
21
What is the remainder when 1606939 is divided by 535642?
13
What is the remainder when 32083438 is divided by 372?
298
Calculate the remainder when 8582094 is divided by 197.
183
Calculate the remainder when 38345 is divided by 38279.
66
Calculate the remainder when 304549 is divided by 589.
36
What is the remainder when 2208722 is divided by 3022?
2662
Calculate the remainder when 52836 is divided by 24539.
3758
Calculate the remainder when 26420061 is divided by 2053.
4
What is the remainder when 3222631 is divided by 73?
46
Calculate the remainder when 5280087 is divided by 8.
7
What is the remainder when 745153 is divided by 147?
10
What is the remainder when 225887 is divided by 1010?
657
What is the remainder when 355733 is divided by 385?
378
What is the remainder when 58276 is divided by 1267?
1261
Calculate the remainder when 133562 is divided by 586.
540
Calculate the remainder when 38965 is divided by 9433.
1233
Calculate the remainder when 76104 is divided by 7272.
3384
What is the remainder when 1966970 is divided by 355?
270
Calculate the remainder when 502964 is divided by 329.
252
What is the remainder when 3640742 is divided by 8447?
85
What is the remainder when 23957 is divided by 1853?
1721
What is the remainder when 34316 is divided by 16882?
552
Calculate the remainder when 98280 is divided by 6999.
294
What is the remainder when 28680437 is divided by 3821?
11
What is the remainder when 1341965 is divided by 670?
625
Calculate the remainder when 41787 is divided by 384.
315
Calculate the remainder when 233026797 is divided by 271593.
3
What is the remainder when 2653556 is divided by 331694?
4
What is the remainder when 2284825599 is divided by 4792?
4791
What is the remainder when 158281965 is divided by 2776?
2773
Calculate the remainder when 113484 is divided by 37268.
1680
What is the remainder when 29832 is divided by 25745?
4087
Calculate the remainder when 5536797 is divided by 100669.
2
What is the remainder when 5904248 is divided by 8099?
77
Calculate the remainder when 19639 is divided by 679.
627
What is the remainder when 6371476 is divided by 563?
5
Calculate the remainder when 1481390 is divided by 86958.
3104
Calculate the remainder when 6752953 is divided by 958.
11
Calculate the remainder when 19879 is divided by 2549.
2036
Calculate the remainder when 285159 is divided by 40723.
98
Calculate the remainder when 323217118 is divided by 32.
30
Calculate the remainder when 3505347 is divided by 1198.
1197
Calculate the remainder when 340752 is divided by 2434.
2426
Calculate the remainder when 483595 is divided by 23026.
49
Calculate the remainder when 3382130 is divided by 4075.
3955
Calculate the remainder when 6691851 is divided by 5804.
5643
What is the remainder when 243092 is divided by 1152?
20
Calculate the remainder when 109462426 is divided by 54.
52
What is the remainder when 57218988 is divided by 1043?
8
Calculate the remainder when 3552699 is divided by 208978.
73
What is the remainder when 24487764 is divided by 471?
3
Calculate the remainder when 18068 is divided by 17885.
183
What is the remainder when 76039 is divided by 24249?
3292
What is the remainder when 178235161 is divided by 6785?
6781
What is the remainder when 100363 is divided by 594?
571
Calculate the remainder when 483350 is divided by 276.
74
What is the remainder when 963974821 is divided by 4427?
4425
Calculate the remainder when 394576 is divided by 382.
352
Calculate the remainder when 3418069 is divided by 27565.
9
What is the remainder when 373221 is divided by 601?
0
What is the remainder when 5303549 is divided by 35?
34
Calculate the remainder when 3313534 is divided by 2212.
2170
What is the remainder when 8094228 is divided by 556?
536
What is the remainder when 27814 is divided by 27592?
222
Calculate the remainder when 46343 is divided by 149.
4
Calculate the remainder when 9540118 is divided by 3180017.
67
Calculate the remainder when 63736599 is divided by 64.
23
What is the remainder when 508238324 is divided by 14?
6
What is the remainder when 8204817 is divided by 683732?
33
What is the remainder when 478319 is divided by 5836?
5603
Calculate the remainder when 135843 is divided by 2125.
1968
Calculate the remainder when 19680461 is divided by 25659.
8
Calculate the remainder when 6610840 is divided by 39.
28
What is the remainder when 1570199 is divided by 1570177?
22
Calculate the remainde